{"id":2,"date":"2024-09-17T14:16:13","date_gmt":"2024-09-17T14:16:13","guid":{"rendered":"http:\/\/hotel-szklarskaporeba.pl\/?page_id=2"},"modified":"2024-10-01T09:00:51","modified_gmt":"2024-10-01T09:00:51","slug":"hotel-szklarska-poreba","status":"publish","type":"page","link":"https:\/\/hotel-szklarskaporeba.pl\/","title":{"rendered":"Hotel Szklarska Por\u0119ba"},"content":{"rendered":"\n<figure class=\"wp-block-image size-large is-resized\"><img loading=\"lazy\" decoding=\"async\" width=\"1024\" height=\"576\" src=\"https:\/\/hotel-szklarskaporeba.pl\/wp-content\/uploads\/2024\/10\/artem-stoliar-VfajP2gFYMY-unsplash-1-1024x576.jpg\" alt=\"zamek chojnik, karkonosze\" class=\"wp-image-18\" style=\"width:1053px;height:auto\" srcset=\"https:\/\/hotel-szklarskaporeba.pl\/wp-content\/uploads\/2024\/10\/artem-stoliar-VfajP2gFYMY-unsplash-1-1024x576.jpg 1024w, https:\/\/hotel-szklarskaporeba.pl\/wp-content\/uploads\/2024\/10\/artem-stoliar-VfajP2gFYMY-unsplash-1-300x169.jpg 300w, https:\/\/hotel-szklarskaporeba.pl\/wp-content\/uploads\/2024\/10\/artem-stoliar-VfajP2gFYMY-unsplash-1-768x432.jpg 768w, https:\/\/hotel-szklarskaporeba.pl\/wp-content\/uploads\/2024\/10\/artem-stoliar-VfajP2gFYMY-unsplash-1-1536x864.jpg 1536w, https:\/\/hotel-szklarskaporeba.pl\/wp-content\/uploads\/2024\/10\/artem-stoliar-VfajP2gFYMY-unsplash-1-2048x1152.jpg 2048w\" sizes=\"(max-width: 1024px) 100vw, 1024px\" \/><\/figure>\n\n\n\n<p>Szklarska Por\u0119ba to nie tylko malownicze g\u00f3ry i niesko\u0144czone trasy turystyczne, ale r\u00f3wnie\u017c dom dla jednego z najbardziej przyjaznych rodzinom o\u015brodk\u00f3w \u2013 <a href=\"https:\/\/www.bergohotel.pl\/\"><strong>hotel Szklarska Por\u0119ba<\/strong><\/a><strong> &#8211; Bergo Resort &amp; Spa<\/strong>. Odkryj, jak nasze wyj\u0105tkowe udogodnienia dla dzieci i doros\u0142ych sprawiaj\u0105, \u017ce ka\u017cda wizyta staje si\u0119 niezapomnianym do\u015bwiadczeniem.<\/p>\n\n\n\n<p><\/p>\n\n\n\n<h2 class=\"wp-block-heading\"><strong>Hotel Szklarska Por\u0119ba &#8211; raj dla najm\u0142odszych<\/strong><\/h2>\n\n\n\n<p><strong>Basen Bergo \u2013 gdzie zabawa wodna nie zna granic!<\/strong> Brodzik z fontann\u0105 oraz wodnymi zabawkami to prawdziwy raj dla najm\u0142odszych. Bezpieczna strefa basenowa, gdzie maluchy mog\u0105 pluska\u0107 si\u0119 do woli, co oferuje doskona\u0142e warunki do zabawy i nauki p\u0142ywania.<br><\/p>\n\n\n\n<p><strong>Kids Club \u2013 przygoda czeka!<\/strong> Kids Club w Bergo Resort to wi\u0119cej ni\u017c pok\u00f3j zabaw. To magiczne miejsce, gdzie dzieci mog\u0105 wyruszy\u0107 na odkrywcze wyprawy po zakamarkach karkonoskich las\u00f3w. Zorganizowane animacje i gry zach\u0119caj\u0105 do aktywno\u015bci i rozwijaj\u0105 wyobra\u017ani\u0119 naszych m\u0142odych go\u015bci.<\/p>\n\n\n\n<figure class=\"wp-block-image size-large\"><img loading=\"lazy\" decoding=\"async\" width=\"1024\" height=\"768\" src=\"https:\/\/hotel-szklarskaporeba.pl\/wp-content\/uploads\/2024\/10\/Mercure-Szklarska-Poreba_kids-club_1-1024x768.jpg\" alt=\"kids club\" class=\"wp-image-13\" srcset=\"https:\/\/hotel-szklarskaporeba.pl\/wp-content\/uploads\/2024\/10\/Mercure-Szklarska-Poreba_kids-club_1-1024x768.jpg 1024w, https:\/\/hotel-szklarskaporeba.pl\/wp-content\/uploads\/2024\/10\/Mercure-Szklarska-Poreba_kids-club_1-300x225.jpg 300w, https:\/\/hotel-szklarskaporeba.pl\/wp-content\/uploads\/2024\/10\/Mercure-Szklarska-Poreba_kids-club_1-768x576.jpg 768w, https:\/\/hotel-szklarskaporeba.pl\/wp-content\/uploads\/2024\/10\/Mercure-Szklarska-Poreba_kids-club_1-1536x1152.jpg 1536w, https:\/\/hotel-szklarskaporeba.pl\/wp-content\/uploads\/2024\/10\/Mercure-Szklarska-Poreba_kids-club_1-80x60.jpg 80w, https:\/\/hotel-szklarskaporeba.pl\/wp-content\/uploads\/2024\/10\/Mercure-Szklarska-Poreba_kids-club_1.jpg 1920w\" sizes=\"(max-width: 1024px) 100vw, 1024px\" \/><\/figure>\n\n\n\n<p><\/p>\n\n\n\n<h2 class=\"wp-block-heading\"><strong>Czas na relaks<\/strong> &#8211; hotel Szklarska Por\u0119ba<\/h2>\n\n\n\n<p>&nbsp;BERG SPA oferuje szerok\u0105 gam\u0119 zabieg\u00f3w relaksacyjnych i odm\u0142adzaj\u0105cych, kt\u00f3re dostosowane s\u0105 do indywidualnych potrzeb ka\u017cdego go\u015bcia. W Berg Spa znajduj\u0105 si\u0119 cztery gabinety zabiegowe, w tym specjalny gabinet dla par, gdzie mo\u017cna cieszy\u0107 si\u0119 wsp\u00f3lnym relaksem.<\/p>\n\n\n\n<h3 class=\"wp-block-heading\"><strong>K\u0105piel bez wzgl\u0119du na pogod\u0119<\/strong><\/h3>\n\n\n\n<p>Kryty basen to idealne miejsce na relaks i regeneracj\u0119. Komfortowa, podgrzewana woda i eleganckie wn\u0119trze pozwalaj\u0105 odpr\u0119\u017cy\u0107 si\u0119 i zregenerowa\u0107 si\u0142y, niezale\u017cnie od pogody za oknem.<\/p>\n\n\n\n<h2 class=\"wp-block-heading\"><strong>Hotel Bergo Resort &amp; Spa \u2013 wi\u0119cej ni\u017c hotel <\/strong><\/h2>\n\n\n\n<p><strong>Bergo Resort &amp; Spa w Szklarskiej Por\u0119bie<\/strong> to idealne miejsce dla rodzin, kt\u00f3re szukaj\u0105 nie tylko komfortowego odpoczynku, ale tak\u017ce chc\u0105 wsp\u00f3lnie sp\u0119dza\u0107 czas, odkrywaj\u0105c nowe atrakcje i przygody. Zapraszamy do odkrycia tego wyj\u0105tkowego miejsca, gdzie ka\u017cda wizyta staje si\u0119 niezapomnianym do\u015bwiadczeniem.<br><\/p>\n\n\n\n<figure class=\"wp-block-image size-large is-resized\"><img loading=\"lazy\" decoding=\"async\" width=\"1024\" height=\"594\" src=\"https:\/\/hotel-szklarskaporeba.pl\/wp-content\/uploads\/2024\/10\/17181855359567_11-1024x594.jpg\" alt=\"hotel szklarska por\u0119ba hotel bergo\" class=\"wp-image-22\" style=\"width:1053px;height:auto\" srcset=\"https:\/\/hotel-szklarskaporeba.pl\/wp-content\/uploads\/2024\/10\/17181855359567_11-1024x594.jpg 1024w, https:\/\/hotel-szklarskaporeba.pl\/wp-content\/uploads\/2024\/10\/17181855359567_11-300x174.jpg 300w, https:\/\/hotel-szklarskaporeba.pl\/wp-content\/uploads\/2024\/10\/17181855359567_11-768x446.jpg 768w, https:\/\/hotel-szklarskaporeba.pl\/wp-content\/uploads\/2024\/10\/17181855359567_11-1536x891.jpg 1536w, https:\/\/hotel-szklarskaporeba.pl\/wp-content\/uploads\/2024\/10\/17181855359567_11.jpg 1920w\" sizes=\"(max-width: 1024px) 100vw, 1024px\" \/><\/figure>\n","protected":false},"excerpt":{"rendered":"<p>Szklarska Por\u0119ba to nie tylko malownicze g\u00f3ry i niesko\u0144czone trasy turystyczne, ale r\u00f3wnie\u017c dom dla jednego z najbardziej przyjaznych rodzinom o\u015brodk\u00f3w \u2013 hotel Szklarska Por\u0119ba &#8211; Bergo Resort &amp; Spa. Odkryj, jak nasze wyj\u0105tkowe udogodnienia dla dzieci i doros\u0142ych sprawiaj\u0105, \u017ce ka\u017cda wizyta staje si\u0119 niezapomnianym do\u015bwiadczeniem. Hotel Szklarska Por\u0119ba &#8211; raj dla najm\u0142odszych Basen Bergo \u2013 gdzie zabawa wodna [&hellip;]<\/p>\n","protected":false},"author":1,"featured_media":0,"parent":0,"menu_order":0,"comment_status":"closed","ping_status":"open","template":"","meta":{"footnotes":""},"class_list":["post-2","page","type-page","status-publish","hentry"],"yoast_head":"<!-- This site is optimized with the Yoast SEO plugin v25.6 - https:\/\/yoast.com\/wordpress\/plugins\/seo\/ -->\n<title>Hotel Szklarska Por\u0119ba - dowiedz si\u0119 wi\u0119cej o hotelu - hotel-szklarskaporeba.pl<\/title>\n<meta name=\"description\" content=\"Dowiedz si\u0119 wi\u0119cej o wyj\u0105tkowym hotelu w Szklarskiej Por\u0119bie! Odwied\u017a Karkonosze i wybierz hotel Szklarska Por\u0119ba!\" \/>\n<meta name=\"robots\" content=\"index, follow, max-snippet:-1, max-image-preview:large, max-video-preview:-1\" \/>\n<link rel=\"canonical\" href=\"https:\/\/hotel-szklarskaporeba.pl\/\" \/>\n<meta property=\"og:locale\" content=\"pl_PL\" \/>\n<meta property=\"og:type\" content=\"article\" \/>\n<meta property=\"og:title\" content=\"Hotel Szklarska Por\u0119ba - dowiedz si\u0119 wi\u0119cej o hotelu - hotel-szklarskaporeba.pl\" \/>\n<meta property=\"og:description\" content=\"Dowiedz si\u0119 wi\u0119cej o wyj\u0105tkowym hotelu w Szklarskiej Por\u0119bie! Odwied\u017a Karkonosze i wybierz hotel Szklarska Por\u0119ba!\" \/>\n<meta property=\"og:url\" content=\"https:\/\/hotel-szklarskaporeba.pl\/\" \/>\n<meta property=\"og:site_name\" content=\"hotel-szklarskaporeba.pl\" \/>\n<meta property=\"article:modified_time\" content=\"2024-10-01T09:00:51+00:00\" \/>\n<meta property=\"og:image\" content=\"https:\/\/hotel-szklarskaporeba.pl\/wp-content\/uploads\/2024\/10\/artem-stoliar-VfajP2gFYMY-unsplash-1-1024x576.jpg\" \/>\n<meta name=\"twitter:card\" content=\"summary_large_image\" \/>\n<meta name=\"twitter:label1\" content=\"Szacowany czas czytania\" \/>\n\t<meta name=\"twitter:data1\" content=\"3 minuty\" \/>\n<script type=\"application\/ld+json\" class=\"yoast-schema-graph\">{\"@context\":\"https:\/\/schema.org\",\"@graph\":[{\"@type\":\"WebPage\",\"@id\":\"https:\/\/hotel-szklarskaporeba.pl\/\",\"url\":\"https:\/\/hotel-szklarskaporeba.pl\/\",\"name\":\"Hotel Szklarska Por\u0119ba - dowiedz si\u0119 wi\u0119cej o hotelu - hotel-szklarskaporeba.pl\",\"isPartOf\":{\"@id\":\"https:\/\/hotel-szklarskaporeba.pl\/#website\"},\"primaryImageOfPage\":{\"@id\":\"https:\/\/hotel-szklarskaporeba.pl\/#primaryimage\"},\"image\":{\"@id\":\"https:\/\/hotel-szklarskaporeba.pl\/#primaryimage\"},\"thumbnailUrl\":\"https:\/\/hotel-szklarskaporeba.pl\/wp-content\/uploads\/2024\/10\/artem-stoliar-VfajP2gFYMY-unsplash-1-1024x576.jpg\",\"datePublished\":\"2024-09-17T14:16:13+00:00\",\"dateModified\":\"2024-10-01T09:00:51+00:00\",\"description\":\"Dowiedz si\u0119 wi\u0119cej o wyj\u0105tkowym hotelu w Szklarskiej Por\u0119bie! Odwied\u017a Karkonosze i wybierz hotel Szklarska Por\u0119ba!\",\"breadcrumb\":{\"@id\":\"https:\/\/hotel-szklarskaporeba.pl\/#breadcrumb\"},\"inLanguage\":\"pl-PL\",\"potentialAction\":[{\"@type\":\"ReadAction\",\"target\":[\"https:\/\/hotel-szklarskaporeba.pl\/\"]}]},{\"@type\":\"ImageObject\",\"inLanguage\":\"pl-PL\",\"@id\":\"https:\/\/hotel-szklarskaporeba.pl\/#primaryimage\",\"url\":\"https:\/\/hotel-szklarskaporeba.pl\/wp-content\/uploads\/2024\/10\/artem-stoliar-VfajP2gFYMY-unsplash-1-scaled.jpg\",\"contentUrl\":\"https:\/\/hotel-szklarskaporeba.pl\/wp-content\/uploads\/2024\/10\/artem-stoliar-VfajP2gFYMY-unsplash-1-scaled.jpg\",\"width\":2560,\"height\":1440},{\"@type\":\"BreadcrumbList\",\"@id\":\"https:\/\/hotel-szklarskaporeba.pl\/#breadcrumb\",\"itemListElement\":[{\"@type\":\"ListItem\",\"position\":1,\"name\":\"Strona g\u0142\u00f3wna\",\"item\":\"https:\/\/hotel-szklarskaporeba.pl\/\"},{\"@type\":\"ListItem\",\"position\":2,\"name\":\"Hotel Szklarska Por\u0119ba\"}]},{\"@type\":\"WebSite\",\"@id\":\"https:\/\/hotel-szklarskaporeba.pl\/#website\",\"url\":\"https:\/\/hotel-szklarskaporeba.pl\/\",\"name\":\"hotel-szklarskaporeba.pl\",\"description\":\"\",\"potentialAction\":[{\"@type\":\"SearchAction\",\"target\":{\"@type\":\"EntryPoint\",\"urlTemplate\":\"https:\/\/hotel-szklarskaporeba.pl\/?s={search_term_string}\"},\"query-input\":{\"@type\":\"PropertyValueSpecification\",\"valueRequired\":true,\"valueName\":\"search_term_string\"}}],\"inLanguage\":\"pl-PL\"}]}<\/script>\n<!-- \/ Yoast SEO plugin. -->","yoast_head_json":{"title":"Hotel Szklarska Por\u0119ba - dowiedz si\u0119 wi\u0119cej o hotelu - hotel-szklarskaporeba.pl","description":"Dowiedz si\u0119 wi\u0119cej o wyj\u0105tkowym hotelu w Szklarskiej Por\u0119bie! Odwied\u017a Karkonosze i wybierz hotel Szklarska Por\u0119ba!","robots":{"index":"index","follow":"follow","max-snippet":"max-snippet:-1","max-image-preview":"max-image-preview:large","max-video-preview":"max-video-preview:-1"},"canonical":"https:\/\/hotel-szklarskaporeba.pl\/","og_locale":"pl_PL","og_type":"article","og_title":"Hotel Szklarska Por\u0119ba - dowiedz si\u0119 wi\u0119cej o hotelu - hotel-szklarskaporeba.pl","og_description":"Dowiedz si\u0119 wi\u0119cej o wyj\u0105tkowym hotelu w Szklarskiej Por\u0119bie! Odwied\u017a Karkonosze i wybierz hotel Szklarska Por\u0119ba!","og_url":"https:\/\/hotel-szklarskaporeba.pl\/","og_site_name":"hotel-szklarskaporeba.pl","article_modified_time":"2024-10-01T09:00:51+00:00","og_image":[{"url":"https:\/\/hotel-szklarskaporeba.pl\/wp-content\/uploads\/2024\/10\/artem-stoliar-VfajP2gFYMY-unsplash-1-1024x576.jpg","type":"","width":"","height":""}],"twitter_card":"summary_large_image","twitter_misc":{"Szacowany czas czytania":"3 minuty"},"schema":{"@context":"https:\/\/schema.org","@graph":[{"@type":"WebPage","@id":"https:\/\/hotel-szklarskaporeba.pl\/","url":"https:\/\/hotel-szklarskaporeba.pl\/","name":"Hotel Szklarska Por\u0119ba - dowiedz si\u0119 wi\u0119cej o hotelu - hotel-szklarskaporeba.pl","isPartOf":{"@id":"https:\/\/hotel-szklarskaporeba.pl\/#website"},"primaryImageOfPage":{"@id":"https:\/\/hotel-szklarskaporeba.pl\/#primaryimage"},"image":{"@id":"https:\/\/hotel-szklarskaporeba.pl\/#primaryimage"},"thumbnailUrl":"https:\/\/hotel-szklarskaporeba.pl\/wp-content\/uploads\/2024\/10\/artem-stoliar-VfajP2gFYMY-unsplash-1-1024x576.jpg","datePublished":"2024-09-17T14:16:13+00:00","dateModified":"2024-10-01T09:00:51+00:00","description":"Dowiedz si\u0119 wi\u0119cej o wyj\u0105tkowym hotelu w Szklarskiej Por\u0119bie! Odwied\u017a Karkonosze i wybierz hotel Szklarska Por\u0119ba!","breadcrumb":{"@id":"https:\/\/hotel-szklarskaporeba.pl\/#breadcrumb"},"inLanguage":"pl-PL","potentialAction":[{"@type":"ReadAction","target":["https:\/\/hotel-szklarskaporeba.pl\/"]}]},{"@type":"ImageObject","inLanguage":"pl-PL","@id":"https:\/\/hotel-szklarskaporeba.pl\/#primaryimage","url":"https:\/\/hotel-szklarskaporeba.pl\/wp-content\/uploads\/2024\/10\/artem-stoliar-VfajP2gFYMY-unsplash-1-scaled.jpg","contentUrl":"https:\/\/hotel-szklarskaporeba.pl\/wp-content\/uploads\/2024\/10\/artem-stoliar-VfajP2gFYMY-unsplash-1-scaled.jpg","width":2560,"height":1440},{"@type":"BreadcrumbList","@id":"https:\/\/hotel-szklarskaporeba.pl\/#breadcrumb","itemListElement":[{"@type":"ListItem","position":1,"name":"Strona g\u0142\u00f3wna","item":"https:\/\/hotel-szklarskaporeba.pl\/"},{"@type":"ListItem","position":2,"name":"Hotel Szklarska Por\u0119ba"}]},{"@type":"WebSite","@id":"https:\/\/hotel-szklarskaporeba.pl\/#website","url":"https:\/\/hotel-szklarskaporeba.pl\/","name":"hotel-szklarskaporeba.pl","description":"","potentialAction":[{"@type":"SearchAction","target":{"@type":"EntryPoint","urlTemplate":"https:\/\/hotel-szklarskaporeba.pl\/?s={search_term_string}"},"query-input":{"@type":"PropertyValueSpecification","valueRequired":true,"valueName":"search_term_string"}}],"inLanguage":"pl-PL"}]}},"_links":{"self":[{"href":"https:\/\/hotel-szklarskaporeba.pl\/index.php\/wp-json\/wp\/v2\/pages\/2"}],"collection":[{"href":"https:\/\/hotel-szklarskaporeba.pl\/index.php\/wp-json\/wp\/v2\/pages"}],"about":[{"href":"https:\/\/hotel-szklarskaporeba.pl\/index.php\/wp-json\/wp\/v2\/types\/page"}],"author":[{"embeddable":true,"href":"https:\/\/hotel-szklarskaporeba.pl\/index.php\/wp-json\/wp\/v2\/users\/1"}],"replies":[{"embeddable":true,"href":"https:\/\/hotel-szklarskaporeba.pl\/index.php\/wp-json\/wp\/v2\/comments?post=2"}],"version-history":[{"count":5,"href":"https:\/\/hotel-szklarskaporeba.pl\/index.php\/wp-json\/wp\/v2\/pages\/2\/revisions"}],"predecessor-version":[{"id":24,"href":"https:\/\/hotel-szklarskaporeba.pl\/index.php\/wp-json\/wp\/v2\/pages\/2\/revisions\/24"}],"wp:attachment":[{"href":"https:\/\/hotel-szklarskaporeba.pl\/index.php\/wp-json\/wp\/v2\/media?parent=2"}],"curies":[{"name":"wp","href":"https:\/\/api.w.org\/{rel}","templated":true}]}}